 4 = 5*t - 12. What is the tens digit of ((-15)/l)/((-6)/16)?
1
Suppose 0 = -o + 4, -38 - 50 = -4*n - 4*o. Let p = -10 + n. What is the units digit of p?
8
Let j(k) = -3*k**2 + 2*k - 1. Let v(a) = -7*a**2 + 5*a - 2. Let l(i) = -9*j(i) + 4*v(i). Let w be l(4). Let z = -3 - w. What is the units digit of z?
4
Let u(s) = 7*s**2 - 2. What is the tens digit of u(-2)?
2
What is the hundreds digit of (1 + 330)/(6 + -5)?
3
Suppose -5*i + 112 = -3*j, -7*i + 76 = -3*i + j. Let x be 4*1*5/4. Suppose 4*c + x*h + 25 = 5*c, -5*h + i = 2*c. What is the units digit of c?
5
Let b(p) = 11*p**2 + p - 1. Let h be b(1). Let r be (-1)/1 + (-5)/(-1). Suppose -4*s = r*f + s - 47, -f + h = s. What is the units digit of f?
8
Let m(t) = 5*t - 1. Let v be m(1). Suppose v*f - 3*f - 5 = 0. Suppose l - a - 10 = -0, 0 = f*l + 5*a - 10. What is the units digit of l?
6
Let c(w) = -w**2 - 16*w - 8. Let i be c(-14). Let a = 52 - i. What is the units digit of a?
2
Suppose 0 = -4*h - 5*p + 227 + 28, -3*p + 62 = h. What is the units digit of h?
5
Let k be (-7*1)/(3 - 2). Let n be (-1)/(-3) + (-41)/(-3). Let m = k + n. What is the units digit of m?
7
Let k(y) = 8*y. Let j be k(-6). Let t(g) = -3*g**2 - g + 2. Let d be t(-5). Let l = j - d. What is the units digit of l?
0
Let f(h) = h**2 - 5*h - 2. Let w be f(4). Let l = 6 - w. Let i = l + -6. What is the units digit of i?
6
Suppose l - 2*v + 20 = 5*l, 15 = 3*l + 4*v. Suppose 10 = 3*s - 0*w - w, -s + 2*w + l = 0. What is the units digit of s?
3
Let p be (1 - -3) + (-7 - -4). What is the tens digit of (p/(-2))/((-3)/66)?
1
Suppose -4*m + 161 + 35 = 0. What is the tens digit of m?
4
Let r(z) = z**3 - z**2 - z - 14. Let g be r(0). What is the tens digit of g/21 - (-202)/6?
3
Let o(q) = -4*q + 13 + 0*q + 3*q. Let y be o(8). Let w = y + -4. What is the units digit of w?
1
Let y(r) = -r**3 + 11*r**2 + 10*r - 9. Let c(w) = -3*w**3 + 32*w**2 + 29*w - 26. Let f(s) = -6*c(s) + 17*y(s). What is the units digit of f(6)?
5
Suppose -4*p + 49 = -171. Let x = 17 - p. Let j = -24 - x. What is the units digit of j?
4
Suppose 832 = -3*j + 7*j. What is the hundreds digit of j?
2
Suppose 11*g - 9*g = 6. Let b be 1/(1/7) + 1. Suppose 2 = -g*f + b. What is the units digit of f?
2
Suppose 2*x + 4 = 2*s - 0*s, 3*x = 0. Let w = 3 - s. Suppose 3*m - 2*n - 1 = 0, 2*m = -2*m + 3*n + w. What is the units digit of m?
1
Let o(q) be the second derivative of -q**4/12 + q**3 - q**2 - 2*q. Let l be o(5). Suppose l*h - 36 + 9 = 0. What is the units digit of h?
9
Let r = 0 - -1. Let p be r + 4/(-2) + 2. What is the units digit of (-20)/(3 + -3 - p)?
0
Let d = -7 + 12. Suppose -4*k = -2*a - 18, -k + 9 + 12 = d*a. What is the units digit of k?
6
Let p be 2/3*(-9)/(-2). Let h = 3 + p. What is the units digit of 4/h - (-8)/6?
2
Let j be (-4)/2*11/(-2). Suppose -2*w - 3 = -3*w. Suppose -g = -t - 7, 5*g - w*g = t + j. What is the units digit of g?
4
Let f(o) = -71*o + 2. What is the tens digit of f(-1)?
7
Suppose 0*o - 4*o = -5*l - 7, -o + 1 = -2*l. Let k(y) = -19*y + 2. Let n be k(-2). Suppose 8*h - o*h - n = 0. What is the units digit of h?
8
Let m(i) = 3*i**2 + 9*i + 7. What is the units digit of m(-4)?
9
Let h be (2/(-5))/((-4)/60). Let c be (-2)/(-6) - 2/h. What is the units digit of (c - -1)*-1 + 2?
1
Suppose -8 - 4 = -3*n. Let s = 8 - n. Suppose 0 = -s*c + 45 + 7. What is the units digit of c?
3
Let m be (-629)/(-3) - (-11)/33. Suppose 2*n - m = -3*n. What is the tens digit of n?
4
Suppose 0 = 25*w - 4221 + 496. What is the units digit of w?
9
Let z(h) = h - 3. Let a be z(5). Let b be a + (-3 - -1)*1. Suppose -5*c - 3*f + 4*f + 42 = b, 0 = -f - 2. What is the units digit of c?
8
What is the hundreds digit of (-8)/28 - (-3)/21*1493?
2
What is the units digit of (6 - (-28)/(-4)) + 201 + 0?
0
Suppose -31 = -5*b + 764. Suppose 4*k = b - 3. What is the units digit of k?
9
What is the units digit of 51/2*(10 - 8)?
1
Suppose -8*g = -500 + 20. What is the tens digit of g?
6
Suppose 5*z = 123 + 32. What is the units digit of z?
1
Let d = 9 - 6. Let q be (-1)/((-15)/(-6) - d). Suppose -5*m + 12 = -q*x - 2, -m + 4 = 0. What is the units digit of x?
3
Let x = -21 - -35. What is the units digit of x?
4
Suppose -552 = -31*s + 28*s. What is the hundreds digit of s?
1
Suppose 0 = b + 5 - 1. Let q = 8 + b. What is the units digit of q?
4
Let h be (-30 - 1)/(5 - 6). Let z = -15 + h. What is the tens digit of z?
1
Suppose 0 = 2*u + 3*u. Suppose -3*p + 72 - 9 = u. What is the units digit of -1*3/((-9)/p)?
7
Suppose 0 = g + 3*m + 7, 3*g - g + m - 1 = 0. Let t(f) = f**2 - f. What is the units digit of t(g)?
2
Suppose -5*l + 41 = 4*p - 98, -5*p = -2*l + 49. What is the units digit of l?
7
Suppose -c = 5*m - 55, c + 3*m - 55 = 5*m. What is the tens digit of c?
5
Let r = -5 + -1. What is the units digit of (12/8)/((-1)/r)?
9
Suppose 0 = 18*i - 20*i. Let u(v) = v**3 + 7*v**2 + 7*v + 3. Let c be u(-5). Suppose i*g - c = -2*g. What is the units digit of g?
9
Let r be (-4)/((2 - 3)*2). Suppose -4 - r = -2*x. What is the units digit of x?
3
Suppose 4*x - 1 = 31. Suppose 3*a + 2*d = 4*a - 27, -3*a + 71 = -4*d. Suppose -w + 4*w - x = -4*q, 0 = -q + 3*w + a. What is the units digit of q?
5
Let q(y) = y**3 + 6*y**2 + y - 1. Let l be q(-5). Let a = l + 18. What is the tens digit of a?
3
Let a(s) = -28*s**3. What is the units digit of a(-1)?
8
Suppose -3*z = -5*z + 34. Let a = -8 + z. What is the units digit of a?
9
Let z be 5 - (-9)/(-6)*2. Suppose 140 = 7*y - z*y. What is the tens digit of y?
2
Let h(g) = g + 5. What is the units digit of h(4)?
9
Suppose 6*a + 3*a - 729 = 0. What is the tens digit of a?
8
Let s(y) = y**3 - 6*y**2 - 8*y - 18. What is the units digit of s(8)?
6
Suppose 5*m - 33 = -2*q, -m - 12 = -5*q + 3. Suppose 0 = m*o, 0 = -d + 3*d + o. Suppose 4*p = -d*p + 28. What is the units digit of p?
7
Suppose -4*k - 20 = -2*h, 5*h - k - k - 50 = 0. Let b = h - 7. Suppose 7 - b = 4*y. What is the units digit of y?
1
Suppose 12*y + 784 = 16*y. What is the tens digit of y?
9
Let w(r) = -r**2 - r + 2. Suppose t - 4*t + 6 = 0. Let j be 0/((-1)/(t/(-4))). What is the units digit of w(j)?
2
Let m = 0 - 5. Let q = 2 + m. Let l = q + 9. What is the units digit of l?
6
Suppose 2*d = 7*d. Suppose j + d*b - 2*b - 28 = 0, 5*b = -j + 49. What is the tens digit of j?
3
Let h(l) = -l + 132. Let z be h(0). Suppose -2*y - i = y - z, -3*y + 2*i = -123. What is the units digit of y?
3
Let s(u) = 40*u - 1. Let g be s(1). Let n = g - 26. What is the tens digit of n?
1
Suppose -r = r - 8. Let f = 64 - 31. What is the units digit of (-1)/r + f/4?
8
Let u(a) = -5*a - 5*a**2 + 4*a**2 + 0*a**2 - 2*a. Let j be u(-4). What is the units digit of (27/j)/(9/24)?
6
Let t = 6 + -12. Let d be 2/(-1)*(-33)/t. What is the units digit of (-79)/(-11) - (-2)/d?
7
Let b = -2 + 4. Let y(s) be the third derivative of s**4/12 - s**3/3 - 3*s**2. What is the units digit of y(b)?
2
Suppose -72*n = -74*n + 266. What is the hundreds digit of n?
1
Suppose 3*j = 3*k - 168, -6*k + 192 = -2*k + 4*j. What is the units digit of k?
2
Let v(k) be the second derivative of k**7/840 + k**6/720 + k**5/120 + k**4/6 + 2*k. Let i(t) be the third derivative of v(t). What is the units digit of i(-1)?
3
What is the units digit of 4/24 - (-958)/12?
0
Suppose -g = -4*t + 20, g + 0*t = 2*t - 12. What is the units digit of (-46)/g + 1/(-2)?
1
Let c be (-10)/(((-2)/2)/1). Let o be (-1)/(-1)*(7 - 4). Suppose c = o*j - 38. What is the tens digit of j?
1
Suppose 3*l + 4 = -l. Let z be (l/2)/((-1)/(-2)). Let j = z - -11. What is the units digit of j?
0
Suppose d - 1 = -t + 13, 2*t = 4*d + 10. Suppose 0 = 2*g - g - t. What is the units digit of g?
1
Suppose -z - 2*z = 24. What is the units digit of (-49)/(-2*(-4)/z)?
9
Suppose 0 = 4*n + 3*j, 28 - 8 = -5*j. Suppose -2*b + 22 = -3*f + 7, -n*f - 6 = b. What is the units digit of b?
3
Suppose 3*o + 14 = -2*i - o, 5*i = -3*o - 7. Let r be (5 - -1)*i + -2. Let z = 13 - r. What is the units digit of z?
9
Let a(l) = -6*l**3 - l. Let n be a(-1). Let b = n - 5. What is the units digit of b?
2
Suppose -4*u + 8 = 0, -k + u + 10 = 2*k. Let q = k - 9. Let i = -3 - q. What is the units digit of i?
2
Suppose 0*p - 3*n - 12 = 2*p, 0 = 2*p - 2*n - 8. Suppose p = -c - 4*c + 175. What is the tens digit of c?
3
Suppose 3*j + 0*n + 5*n -